What is the remainder when 2863 is divided by 2850?
13
Calculate the remainder when 1770138 is divided by 869.
854
What is the remainder when 371108 is divided by 20617?
2
Calculate the remainder when 31582 is divided by 168.
166
What is the remainder when 30810 is divided by 671?
615
Calculate the remainder when 2161605 is divided by 12.
9
Calculate the remainder when 8246 is divided by 50.
46
What is the remainder when 42316 is divided by 209?
98
Calculate the remainder when 267428 is divided by 66830.
108
What is the remainder when 827 is divided by 138?
137
What is the remainder when 175957 is divided by 20?
17
Calculate the remainder when 278 is divided by 174.
104
Calculate the remainder when 210274 is divided by 11.
9
Calculate the remainder when 1636609 is divided by 69.
67
What is the remainder when 29495 is divided by 52?
11
What is the remainder when 208470 is divided by 208411?
59
Calculate the remainder when 5391 is divided by 2623.
145
Calculate the remainder when 45460 is divided by 6.
4
Calculate the remainder when 3141 is divided by 110.
61
What is the remainder when 4172 is divided by 119?
7
Calculate the remainder when 534674 is divided by 369.
362
Calculate the remainder when 40066 is divided by 142.
22
Calculate the remainder when 29007 is divided by 19.
13
Calculate the remainder when 1011385 is divided by 287.
284
What is the remainder when 144725 is divided by 229?
226
What is the remainder when 29866 is divided by 1299?
1288
Calculate the remainder when 24922 is divided by 876.
394
Calculate the remainder when 41321 is divided by 405.
11
What is the remainder when 1139 is divided by 383?
373
What is the remainder when 1835 is divided by 123?
113
Calculate the remainder when 118363 is divided by 96.
91
What is the remainder when 1960 is divided by 13?
10
Calculate the remainder when 17562 is divided by 2927.
0
Calculate the remainder when 5330 is divided by 62.
60
Calculate the remainder when 117028 is divided by 29238.
76
Calculate the remainder when 1712137 is divided by 39.
37
What is the remainder when 818 is divided by 169?
142
What is the remainder when 31581 is divided by 149?
142
Calculate the remainder when 3031 is divided by 246.
79
Calculate the remainder when 154233 is divided by 154221.
12
Calculate the remainder when 8287 is divided by 403.
227
What is the remainder when 674 is divided by 538?
136
Calculate the remainder when 58439 is divided by 9731.
53
Calculate the remainder when 36460 is divided by 51.
46
What is the remainder when 4451 is divided by 737?
29
Calculate the remainder when 64878 is divided by 4990.
8
What is the remainder when 4209291 is divided by 554?
553
What is the remainder when 60061 is divided by 32?
29
Calculate the remainder when 2040 is divided by 647.
99
Calculate the remainder when 986116 is divided by 42.
40
What is the remainder when 26609 is divided by 5?
4
What is the remainder when 5871 is divided by 1440?
111
What is the remainder when 41990 is divided by 1914?
1796
Calculate the remainder when 85894 is divided by 271.
258
Calculate the remainder when 1557 is divided by 607.
343
Calculate the remainder when 18580 is divided by 217.
135
Calculate the remainder when 613 is divided by 477.
136
What is the remainder when 594 is divided by 306?
288
What is the remainder when 7347 is divided by 262?
11
What is the remainder when 182 is divided by 130?
52
What is the remainder when 7593 is divided by 181?
172
What is the remainder when 2641 is divided by 18?
13
Calculate the remainder when 1583 is divided by 388.
31
What is the remainder when 36872 is divided by 19?
12
Calculate the remainder when 14824 is divided by 23.
12
What is the remainder when 24346 is divided by 265?
231
Calculate the remainder when 425606 is divided by 800.
6
What is the remainder when 175 is divided by 152?
23
What is the remainder when 4943 is divided by 551?
535
What is the remainder when 3901 is divided by 671?
546
Calculate the remainder when 37390 is divided by 68.
58
Calculate the remainder when 224370 is divided by 48.
18
Calculate the remainder when 416317 is divided by 193.
16
What is the remainder when 301 is divided by 11?
4
What is the remainder when 12112 is divided by 18?
16
What is the remainder when 2474 is divided by 1237?
0
Calculate the remainder when 1290 is divided by 993.
297
Calculate the remainder when 3956 is divided by 138.
92
What is the remainder when 330277 is divided by 68?
1
Calculate the remainder when 921 is divided by 240.
201
What is the remainder when 33809 is divided by 98?
97
What is the remainder when 55719 is divided by 27857?
5
What is the remainder when 7516 is divided by 237?
169
What is the remainder when 25703 is divided by 2139?
35
Calculate the remainder when 904 is divided by 114.
106
Calculate the remainder when 7623 is divided by 7615.
8
Calculate the remainder when 133241 is divided by 410.
401
What is the remainder when 2466 is divided by 1835?
631
Calculate the remainder when 40911 is divided by 705.
21
What is the remainder when 112766 is divided by 4?
2
What is the remainder when 2558 is divided by 101?
33
What is the remainder when 383763 is divided by 3337?
8
Calculate the remainder when 10335 is divided by 3.
0
Calculate the remainder when 11981 is divided by 578.
421
Calculate the remainder when 11374 is divided by 2839.
18
What is the remainder when 9834 is divided by 298?
0
Calculate the remainder when 12878 is divided by 12323.
555
Calculate the remainder when 26895 is divided by 61.
55
What is the remainder when 97812 is divided by 70?
22
What is the remainder when 94789 is divided by 697?
694
Calculate the remainder when 331 is divided by 147.
37
Calculate the remainder when 592224 is divided by 28201.
3
What is the remainder when 41530 is divided by 129?
121
What is the remainder when 14835 is divided by 128?
115
What is the remainder when 113997 is divided by 1727?
15
What is the remainder when 16415 is divided by 115?
85
Calculate the remainder when 7847657 is divided by 117.
116
Calculate the remainder when 7017 is divided by 3506.
5
What is the remainder when 66556 is divided by 21?
7
What is the remainder when 2502 is divided by 1179?
144
Calculate the remainder when 301139 is divided by 100347.
98
Calculate the remainder when 566171 is divided by 240.
11
What is the remainder when 344481 is divided by 14?
11
Calculate the remainder when 45433 is divided by 614.
611
Calculate the remainder when 1563 is divided by 429.
276
Calculate the remainder when 69573 is divided by 28.
21
What is the remainder when 3353000 is divided by 18?
14
What is the remainder when 601346 is divided by 317?
314
What is the remainder when 336407 is divided by 6?
5
Calculate the remainder when 615117 is divided by 742.
741
What is the remainder when 300061 is divided by 44?
25
What is the remainder when 1131 is divided by 141?
3
What is the remainder when 19261 is divided by 1740?
121
Calculate the remainder when 139480 is divided by 69734.
12
What is the remainder when 68439 is divided by 344?
327
Calculate the remainder when 1839 is divided by 299.
45
Calculate the remainder when 7864 is divided by 114.
112
What is the remainder when 1287 is divided by 611?
65
Calculate the remainder when 55223 is divided by 30.
23
Calculate the remainder when 390561 is divided by 114.
111
Calculate the remainder when 4197 is divided by 4052.
145
Calculate the remainder when 442 is divided by 434.
8
What is the remainder when 161553 is divided by 10?
3
Calculate the remainder when 6521 is divided by 908.
165
Calculate the remainder when 1170790 is divided by 585390.
10
Calculate the remainder when 680 is divided by 15.
5
Calculate the remainder when 19714 is divided by 20.
14
What is the remainder when 25584 is divided by 281?
13
What is the remainder when 16982 is divided by 153?
152
What is the remainder when 752 is divided by 704?
48
Calculate the remainder when 3997 is divided by 15.
7
Calculate the remainder when 109 is divided by 1.
0
Calculate the remainder when 6320 is divided by 1993.
341
What is the remainder when 195406 is divided by 143?
68
What is the remainder when 1314248 is divided by 119?
12
What is the remainder when 60623 is divided by 9?
8
Calculat